 20?
4
What is the highest common divisor of 26 and 30238?
26
What is the highest common divisor of 18 and 38?
2
What is the greatest common factor of 104 and 8801?
13
Calculate the greatest common factor of 25 and 675.
25
What is the greatest common divisor of 139142 and 58?
58
Calculate the highest common divisor of 26 and 1378.
26
What is the greatest common divisor of 40 and 1384?
8
What is the greatest common divisor of 1496 and 88?
88
What is the highest common divisor of 3071 and 74?
37
Calculate the highest common factor of 30 and 12990.
30
Calculate the greatest common factor of 12660 and 60.
60
What is the highest common divisor of 15 and 27?
3
Calculate the highest common factor of 70 and 50.
10
What is the greatest common divisor of 29 and 1769?
29
What is the highest common factor of 284 and 2769?
71
What is the greatest common factor of 187 and 44?
11
Calculate the greatest common divisor of 6278 and 292.
146
What is the greatest common factor of 185 and 185?
185
What is the greatest common divisor of 1364 and 44?
44
What is the greatest common factor of 165 and 132?
33
Calculate the greatest common divisor of 472 and 64.
8
What is the greatest common factor of 1278 and 54?
18
Calculate the highest common factor of 2270 and 20.
10
Calculate the highest common divisor of 305 and 122.
61
What is the highest common factor of 92 and 68?
4
What is the highest common divisor of 1070 and 10?
10
What is the highest common divisor of 196 and 441?
49
Calculate the highest common divisor of 345 and 3335.
115
Calculate the highest common factor of 286 and 176.
22
What is the greatest common factor of 30 and 8655?
15
What is the greatest common factor of 6272 and 256?
128
Calculate the highest common divisor of 81 and 126.
9
What is the greatest common factor of 208 and 156?
52
What is the greatest common factor of 2400 and 48?
48
Calculate the highest common divisor of 72 and 306.
18
What is the highest common divisor of 56 and 96?
8
Calculate the greatest common divisor of 1725 and 69.
69
Calculate the highest common factor of 329 and 56.
7
Calculate the highest common divisor of 26 and 2275.
13
What is the greatest common divisor of 49 and 441?
49
What is the greatest common factor of 4180 and 12?
4
What is the highest common divisor of 55 and 120?
5
What is the highest common factor of 200 and 450?
50
What is the greatest common divisor of 8029 and 31?
31
Calculate the greatest common divisor of 56 and 28.
28
Calculate the greatest common factor of 6 and 1042.
2
What is the greatest common factor of 2 and 8386?
2
What is the highest common factor of 153 and 272?
17
Calculate the highest common factor of 5 and 35.
5
What is the greatest common divisor of 3667 and 57?
19
Calculate the highest common factor of 546 and 12831.
273
Calculate the highest common factor of 2532 and 168.
12
Calculate the highest common divisor of 9513 and 315.
63
Calculate the greatest common factor of 274 and 2.
2
What is the greatest common factor of 702 and 576?
18
What is the greatest common divisor of 9478 and 42?
14
Calculate the greatest common factor of 9951 and 372.
93
What is the highest common factor of 20 and 710?
10
What is the highest common factor of 765 and 180?
45
What is the highest common divisor of 3915 and 75?
15
Calculate the highest common factor of 14 and 91.
7
What is the highest common divisor of 5890 and 380?
190
Calculate the greatest common factor of 45 and 54.
9
Calculate the highest common factor of 798 and 38.
38
Calculate the greatest common factor of 1121 and 38.
19
Calculate the greatest common divisor of 489 and 652.
163
What is the greatest common factor of 735 and 1245?
15
What is the greatest common factor of 11 and 14267?
11
What is the highest common divisor of 222 and 24?
6
What is the highest common divisor of 144 and 216?
72
What is the greatest common factor of 72 and 176?
8
What is the greatest common divisor of 15 and 960?
15
What is the greatest common divisor of 41 and 369?
41
What is the greatest common divisor of 81 and 42?
3
Calculate the greatest common factor of 375 and 300.
75
What is the greatest common factor of 29 and 3?
1
What is the highest common divisor of 14 and 4802?
14
What is the greatest common divisor of 33 and 759?
33
What is the highest common divisor of 532 and 38?
38
Calculate the highest common factor of 1464 and 96.
24
What is the highest common factor of 15 and 2830?
5
Calculate the highest common divisor of 209 and 19.
19
Calculate the greatest common divisor of 69 and 46.
23
Calculate the greatest common factor of 70 and 7.
7
What is the greatest common divisor of 1449 and 18?
9
What is the highest common divisor of 5920 and 1120?
160
Calculate the greatest common divisor of 40 and 1460.
20
What is the highest common factor of 108 and 180?
36
Calculate the greatest common divisor of 7208 and 136.
136
Calculate the greatest common divisor of 29 and 6467.
29
Calculate the highest common factor of 10296 and 13.
13
Calculate the highest common factor of 59 and 1770.
59
What is the highest common divisor of 297 and 132?
33
Calculate the highest common divisor of 2430 and 24.
6
What is the greatest common divisor of 60 and 1120?
20
Calculate the greatest common factor of 188 and 12.
4
What is the greatest common divisor of 65 and 55?
5
What is the greatest common factor of 567 and 9?
9
What is the greatest common divisor of 1702 and 368?
46
What is the greatest common divisor of 561 and 66?
33
What is the greatest common factor of 232 and 4002?
58
What is the highest common divisor of 5024 and 288?
32
Calculate the greatest common factor of 1078 and 22.
22
Calculate the highest common divisor of 8 and 56.
8
What is the highest common factor of 33 and 517?
11
What is the greatest common factor of 632 and 408?
8
What is the greatest common divisor of 8510 and 1480?
370
What is the greatest common factor of 211 and 1?
1
Calculate the greatest common divisor of 4 and 16.
4
Calculate the greatest common divisor of 26 and 2106.
26
What is the greatest common factor of 154 and 66?
22
Calculate the greatest common divisor of 55 and 143.
11
What is the greatest common factor of 68 and 8636?
68
Calculate the highest common factor of 345 and 6720.
15
What is the greatest common divisor of 39 and 183?
3
Calculate the greatest common divisor of 111 and 7104.
111
What is the highest common factor of 5486 and 78?
26
Calculate the greatest common factor of 15 and 42.
3
What is the highest common factor of 79 and 2291?
79
Calculate the greatest common factor of 6623 and 358.
179
Calculate the greatest common factor of 712 and 2759.
89
Calculate the greatest common divisor of 4071 and 828.
69
What is the highest common factor of 37 and 74?
37
Calculate the greatest common divisor of 60 and 1270.
10
Calculate the greatest common divisor of 128 and 32.
32
What is the greatest common divisor of 53326 and 28?
14
What is the highest common divisor of 3410 and 165?
55
What is the highest common factor of 6 and 3279?
3
Calculate the greatest common factor of 7424 and 58.
58
Calculate the highest common factor of 648 and 9.
9
Calculate the highest common factor of 22208 and 64.
64
Calculate the highest common factor of 4944 and 36.
12
Calculate the highest common factor of 33 and 528.
33
What is the highest common divisor of 12 and 438?
6
Calculate the highest common factor of 170 and 1615.
85
Calculate the highest common divisor of 44 and 28.
4
Calculate the greatest common divisor of 791 and 28.
7
Calculate the greatest common divisor of 38 and 13718.
38
Calculate the greatest common factor of 104 and 6058.
26
Calculate the highest common factor of 100 and 550.
50
What is the greatest common factor of 18 and 1704?
6
Calculate the highest common divisor of 535 and 5.
5
What is the greatest common divisor of 583 and 159?
53
What is the highest common divisor of 5577 and 99?
33
Calculate the greatest common factor of 134 and 214.
2
What is the greatest common divisor of 923 and 71?
71
What is the highest common factor of 45 and 63?
9
What is the highest common factor of 13 and 241?
1
What is the highest common divisor of 5 and 9385?
5
What is the highest common factor of 490 and 70?
70
What is the greatest common fac